 t(u) = -u**3 + 8*u**2 + 7441*u - 37256. Calculate t(5).
24
Let f(b) = -b**3 - 172*b**2 + 1107*b + 6954. What is f(-178)?
12
Let t(z) = -z**3 + 52*z**2 - 652*z + 69. Determine t(31).
38
Let l(f) = -182*f + 6046. Calculate l(34).
-142
Let u(b) = -30*b + 4120. Determine u(160).
-680
Let g(j) = -j**3 - 114*j**2 + 547*j + 9023. Give g(-118).
173
Let p(y) = 52089*y + 885503. Give p(-17).
-10
Let c(l) = -57*l**2 - 664*l - 1667. Give c(-8).
-3
Let o(r) = 81*r + 2629. Calculate o(-54).
-1745
Let t(w) = 106014*w - 211160. Determine t(2).
868
Let n(o) = o**3 - 69*o**2 - 2549*o + 181294. Calculate n(66).
-8
Let d(l) = 2*l**2 + 185*l - 8628. Give d(34).
-26
Let b(i) = -18*i**2 - 23*i + 32. Give b(4).
-348
Let b(l) = -46*l**3 - 26081*l**2 + 564*l - 1721. What is b(-567)?
-20
Let j(t) = -5889*t - 53046. Calculate j(-9).
-45
Let r(o) = -10*o**2 + 2202*o - 4403. Give r(218).
393
Let x(b) = b**2 + 291*b - 5417. Determine x(-309).
145
Let f(x) = -3*x**3 - 261*x**2 - 3883*x - 170. Give f(-19).
-37
Let c(l) = 1192*l**2 + 81054*l + 210. Calculate c(-68).
346
Let h(i) = -i**3 - i**2 + 113*i + 992. Determine h(-10).
762
Let z(g) = -g**3 - 34*g**2 - 171*g + 833. What is z(-11)?
-69
Let g(s) = 23*s**2 - 11*s - 79. What is g(2)?
-9
Let n(m) = -231*m + 878. Give n(-2).
1340
Let u(h) = -3*h**2 - 158*h - 1621. Calculate u(-40).
-101
Let f(i) = 3829*i + 84292. Determine f(-22).
54
Let w(o) = 131406*o + 262826. Determine w(-2).
14
Let l(t) = 4*t**2 + 19*t - 2387. Determine l(21).
-224
Let h(q) = -q**3 + 762*q**2 - 44680*q + 510. What is h(64)?
-2
Let b(r) = -330572*r + 330525. Determine b(1).
-47
Let d(u) = 25253*u - 328446. Calculate d(13).
-157
Let l(n) = n**2 - 619*n - 11150. Give l(-17).
-338
Let c(p) = -2*p**3 + 98*p**2 + 102*p - 210. Give c(50).
-110
Let l(m) = 15*m**2 + 748*m - 678. Give l(-50).
-578
Let r(l) = -29*l**2 + 724*l + 383. Determine r(26).
-397
Let q(y) = -4*y**3 - 87*y**2 - 202*y + 30. Give q(-19).
-103
Let d(w) = 6*w**3 - 213*w**2 + 114*w - 172. What is d(35)?
143
Let o(a) = -3603*a - 497212. Give o(-138).
2
Let d(p) = 8*p**2 + 164059*p + 492182. Give d(-3).
77
Let l(k) = -64*k**2 - 207*k - 385. What is l(-2)?
-227
Let w(m) = -160951*m - 804768. What is w(-5)?
-13
Let y(v) = -2*v**2 + 300*v - 2625. Determine y(141).
-87
Let u(j) = -12*j**3 - 20360*j**2 + 68003*j + 5104. Calculate u(-1700).
4
Let h(g) = 29*g**3 + 473*g**2 + 15*g - 102. Calculate h(-16).
1962
Let v(n) = -n**3 + 9*n**2 + 2293*n - 6903. Give v(3).
30
Let r(g) = 25*g**3 - 171*g**2 + 134*g + 37. Give r(1).
25
Let x(n) = -3*n**3 - 44*n**2 + 180*n + 2486. What is x(-15)?
11
Let i(t) = -3475*t + 642877. Give i(185).
2
Let z(w) = w**2 + 37982*w - 570137. Give z(15).
-182
Let q(d) = d**3 - 345*d**2 + 2365*d - 2065. What is q(338)?
-2403
Let h(b) = -35030*b + 16. Determine h(0).
16
Let t(s) = -45750*s - 320168. Determine t(-7).
82
Let g(i) = 1793*i**2 - 1056084*i + 4118. What is g(589)?
-5
Let s(g) = -g**3 + 36*g**2 + 3644*g - 57. Determine s(-45).
-12
Let o(q) = -14216*q - 26520. Determine o(-2).
1912
Let w(m) = -m**2 + 60*m - 213. Calculate w(-33).
-3282
Let a(i) = -12*i**2 - 250*i + 96809. Calculate a(80).
9
Let b(q) = -21447*q - 236045. Determine b(-11).
-128
Let n(t) = -t**3 + 22*t**2 + 861*t + 1594. Calculate n(43).
-212
Let p(q) = -11*q**2 + 362*q - 2654. What is p(11)?
-3
Let z(m) = 270437*m - 1622639. Calculate z(6).
-17
Let y(p) = 50*p**2 - 16165*p + 4823. Give y(323).
-22
Let j(q) = 134*q**3 - 1392*q**2 + 525*q - 46. Calculate j(10).
4
Let g(l) = 1033*l - 790232. Determine g(765).
13
Let h(d) = -d**3 - 10*d**2 + 31*d + 235. Determine h(-7).
-129
Let l(r) = 27*r**3 + 5*r**2 + 397*r + 2038. Give l(-5).
-3197
Let f(a) = -a**3 + 3*a**2 + 67*a + 64. Determine f(-10).
694
Let y(i) = i**3 - 44*i**2 - 1230*i + 871. What is y(63)?
-1208
Let r(z) = 13*z**2 - 326*z + 1788. Determine r(11).
-225
Let t(p) = 47014*p - 376114. Calculate t(8).
-2
Let k(s) = 5927*s - 2163353. Give k(365).
2
Let r(t) = -841*t - 42021. Calculate r(-50).
29
Let y(t) = 1082*t + 723989. Calculate y(-669).
131
Let u(h) = -h**3 + 256*h**2 - 236*h - 4554. Calculate u(255).
291
Let y(b) = -b**3 + 32*b**2 - 3*b - 75. Calculate y(0).
-75
Let r(z) = 62515*z - 16128882. Give r(258).
-12
Let x(g) = 92*g**2 + 13096*g + 17379. Calculate x(-141).
-105
Let g(z) = -13*z**3 - 2652*z**2 - 306. What is g(-204)?
-306
Let c(j) = -2*j**3 + 102*j**2 + 64*j + 2087. What is c(52)?
7
Let u(g) = 1902*g - 45660. Give u(24).
-12
Let d(z) = 4*z**3 - 178*z**2 - 513*z + 2027. Calculate d(47).
6
Let p(d) = 109387*d + 875099. Calculate p(-8).
3
Let d(t) = 3*t**2 + 259*t - 60991. What is d(106)?
171
Let p(w) = 690468*w - 12. Give p(0).
-12
Let o(d) = -d**3 + 136*d**2 + 733*d + 130. Calculate o(-5).
-10
Let g(n) = -14*n**2 - 242*n - 1007. Calculate g(-7).
1
Let s(v) = -5*v**2 - 836*v - 4826. Give s(-159).
1693
Let y(f) = -f**3 - 13*f**2 - 33*f - 64. Calculate y(-9).
-91
Let d(a) = 4*a**3 + 1919*a**2 - 4268*a + 33749. What is d(-482)?
9
Let a(i) = 1769*i**2 - 141*i - 141. Determine a(-1).
1769
Let t(f) = -2397*f + 103055. Give t(43).
-16
Let t(a) = 1294*a**2 - 14335*a + 18. What is t(11)?
-1093
Let g(w) = w**2 + 14*w - 1255. Give g(30).
65
Let w(s) = -s**2 - 230*s - 7052. Give w(-39).
397
Let a(n) = -4950*n + 74172. Calculate a(15).
-78
Let y(v) = -5015*v - 135412. Calculate y(-27).
-7
Let i(s) = -1081*s + 19407. Calculate i(18).
-51
Let b(m) = -m**2 + 708*m + 12313. Give b(-17).
-12
Let v(b) = b**2 + 55*b + 926. Give v(-21).
212
Let t(h) = -h**3 + 84*h**2 - 1511*h - 81. Give t(57).
1515
Let g(x) = 9771*x + 14197263. Determine g(-1453).
0
Let n(s) = -9822*s - 9026426. Calculate n(-919).
-8
Let p(q) = -2*q**3 + 57*q**2 + 439*q + 3667. Calculate p(36).
31
Let j(s) = s**3 - 20*s**2 - 16042*s + 1642. Calculate j(137).
-139
Let n(b) = b**2 - 50*b - 2859. Give n(84).
-3
Let x(h) = -117*h - 1783. Calculate x(-20).
557
Let b(a) = a**2 + 1774*a - 85613. Give b(47).
-26
Let s(q) = 2*q**3 + 261*q**2 - 115*q + 2058. Calculate s(-131).
-38
Let q(w) = -28*w**2 + 117*w + 272. Determine q(6).
-34
Let w(n) = -334*n + 11535. Determine w(34).
179
Let v(d) = d**3 + 5*d**2 - 489*d - 5084. What is v(-14)?
-2
Let w(a) = -6545*a + 569431. Give w(87).
16
Let q(s) = 13*s**2 - 23129*s - 725806. Give q(1810).
4
Let a(s) = 2*s**2 - 618*s - 104059. Determine a(430).
1
Let n(b) = -62*b**2 + 361*b + 372. Calculate n(-1).
-51
Let x(s) = s**2 - 181*s - 5335. What is x(208)?
281
Let c(h) = -44*h**3 - 3827*h**2 + 111*h + 294. Calculate c(-87).
-1794
Let f(h) = 2*h**3 - 262*h**2 - 1077*h - 429. Give f(135).
-24
Let v(n) = -n**3 - 10*n**2 + 99*n + 1016. Calculate v(-11).
48
Let x(j) = -1132*j + 79250. Determine x(70).
10
Let d(q) = -2*q**2 + 111*q - 883. Calculate d(34).
579
Let o(c) = -c**3 + 55*c**2 + 122*c - 372. Give o(57).
84
Let c(b) = b**3 + 6*b**2 + 126712*b + 633542. Determine c(-5).
7
Let i(t) = -5799*t + 521873. What is i(90)?
-37
Let j(v) = -3*v**3 + 3*v**2 + 61*v + 562. What is j(-6)?
952
Let a(g) = -1831*g**2 + 45714*g - 6. Give a(25).
-1531
Let z(s) = -29520*s + 14819037. What is z(502)?
-3
Let b(c) = -3*c**3 + 57*c**2 - 191*c - 737. Determine b(12).
-5
Let o(k) = -k**2 + 83*k + 7876. What is o(142)?
-502
Let n(d) = -54*d**2 + 111*d + 95. Calculate n(-1).
-70
Let f(z) = -6*z**2 + 113*z - 25. Determine f(17).
162
Let s(c) = 446*c - 31642. Determine s(71).
24
Let u(z) = -8232*z - 156412. Give u(-19).
-4
Let b(y) = 99*y - 6190. Determine b(51).
-1141
Let w(n) = 1707349*n - 1707353. What is w(1)?
-4
Let r(b) = 5*b**2 + 113*b - 2177. Give r(12).
-101
Let n(q) = -q**3 + 251*q**2 - 995*q + 1964. Determine n(247).
235
Let n(f) = -65*f - 2817. Give n(-19).
-1582
Let r(a) = -35*a**2 - 174*a - 2117. What is r(-12)?
-5069
Let r(a) = 2*a**2 + 159*a - 142. Calculate r(1).
19
Let s(q) = -3*q**2 + 5120*q - 2156487. Determine s(950).
13
Let a(x) = -x**3 - 27*x**2 + 18*x - 438. Calculate a(-27).
-924
Let d(l) = -16707*l - 467829. Determine d(-28).
-33
Let p(t) = -t**3 - 27*t**2 + 1151*t + 156. What is p(-50)?
106
Let n(s) = -78*s**2 + 40*s - 84. Give n(2).
-316
Let h(y) = -1802*y**3 - 103*y**2 - 112*y - 10. Give h(-1).
1801
Let b(n) = 1119*n - 243584. Give b(218).
358
Let x(l) = -12*l**2 + 64613*l + 452880. Determine x(-7).
1
Let p(s) = -958*s + 80592. What is p(84)?
120
Let j(c) = -2*c**2 + 292